= -3*a**2 + 5*a + 114. Calculate z(-6).
-24
Let b(n) = -10*n + 383. Give b(38).
3
Let r(u) = -2*u**2 - 31*u + 15. Give r(-16).
-1
Let v(m) = -m**2 - 8*m + 126. Determine v(-16).
-2
Let o(x) = x**3 + 7*x**2 + 3. Give o(-7).
3
Let m(f) = -11*f + 1. Determine m(1).
-10
Let t(x) = -2*x + 17. What is t(11)?
-5
Let m(p) = -p**2 + 3*p + 12. Calculate m(-8).
-76
Let o(n) = 3*n**2 - 5*n. What is o(3)?
12
Let f(y) = y**3 - 9*y**2 - 11*y + 10. What is f(10)?
0
Let o(q) = 2*q - 4. What is o(-5)?
-14
Let m(q) = -9*q + 438. What is m(48)?
6
Let f(v) = 4*v**2 - 12*v + 5. What is f(3)?
5
Let d(y) = -11*y**2 + y. Calculate d(1).
-10
Let z(b) = 22*b + 3. Determine z(-2).
-41
Let g(r) = r**2 + 3*r - 4. Calculate g(-7).
24
Let v(r) = -7*r - 2. Give v(-2).
12
Let t(n) = -4*n - 62. What is t(-17)?
6
Let l(f) = -f**3 - f**2 - 2*f + 6. Determine l(2).
-10
Let y(x) = -3*x + 3. Calculate y(4).
-9
Let q(k) = k**2 - 6*k + 10. Determine q(4).
2
Let x(p) = -p**3 + 20*p**2 - 22*p + 12. Give x(19).
-45
Let q(t) = 7*t**2 - t - 4. What is q(-1)?
4
Let a(x) = -15*x - 89. Give a(-6).
1
Let a(j) = j**3 - 6*j**2 + 8*j - 6. Determine a(5).
9
Let a(l) = 7*l - 16. Calculate a(6).
26
Let k(x) = x**3 - 13*x**2 + 146. Determine k(12).
2
Let d(o) = 4*o + 93. Give d(-22).
5
Let t(i) = -95*i - 1. Calculate t(1).
-96
Let k(z) = -z**2 + 4*z - 7. Determine k(4).
-7
Let g(i) = 3*i**2 - 12*i + 9. Calculate g(7).
72
Let j(x) = x**2 + 7*x - 5. Give j(-10).
25
Let d(g) = 2*g - 4. What is d(2)?
0
Let g(b) = -5*b**2 + 3*b - 7. Give g(2).
-21
Let u(b) = b**2 - 5*b + 32. Give u(10).
82
Let a(v) = v**3 - 3*v**2 + 5*v + 15. Calculate a(0).
15
Let k(x) = 2*x**3 - 7*x**2 + 12*x - 3. Determine k(4).
61
Let s(b) = 74*b. Calculate s(0).
0
Let x(n) = n**3 + 5*n**2 + 17*n + 91. Give x(-5).
6
Let g(r) = -2*r + 17. Give g(5).
7
Let i(p) = -p**3 - 9*p**2 - 18*p - 4. Calculate i(-7).
24
Let w(g) = 2*g**2 + 32*g + 35. What is w(-15)?
5
Let m(f) = 8*f - 27. Give m(4).
5
Let d(m) = 6*m**2 + 11*m + 2. Give d(-2).
4
Let p(i) = -i**2 - 3*i + 38. Calculate p(6).
-16
Let c(z) = 2*z**2 - 21*z - 19. What is c(11)?
-8
Let i(d) = 6*d - 120. What is i(21)?
6
Let s(i) = -i + 4. Determine s(-2).
6
Let h(d) = -d - 6. Give h(-3).
-3
Let l(u) = u**3 - 15*u**2 - u + 13. Give l(15).
-2
Let l(j) = j**2 + 45*j + 257. Determine l(-38).
-9
Let y(q) = q**2 + q. What is y(0)?
0
Let r(t) = 28*t + 167. Calculate r(-6).
-1
Let b(g) = -g**2 + 13*g + 1. Determine b(12).
13
Let d(r) = 2*r**3 - 18*r**2 - 42*r - 16. What is d(11)?
6
Let o(v) = 2*v**3 + 17*v**2 + 7*v - 10. What is o(-8)?
-2
Let o(v) = 6*v + 13. Give o(-4).
-11
Let p(u) = -12*u - 87. Give p(-8).
9
Let j(s) = -6*s + 13. Calculate j(3).
-5
Let m(s) = 8*s - 1. Calculate m(1).
7
Let v(o) = -o**2 + 6*o - 1. Calculate v(6).
-1
Let d(a) = -6*a**3 + a**2 + 3*a + 1. Give d(2).
-37
Let i(m) = -22*m + 1. What is i(1)?
-21
Let f(q) = q**3 - 3*q**2 - 9*q + 16. Give f(4).
-4
Let y(z) = z**3 + 2*z**2 - 7*z - 1. Calculate y(-3).
11
Let x(s) = -s**2 - 33*s - 21. Determine x(-30).
69
Let n(k) = -k**3 + 24*k**2 + 59*k - 184. Calculate n(26).
-2
Let r(o) = 2*o**2 - 21*o - 9. What is r(10)?
-19
Let n(y) = y**3 + 15*y**2 - 18*y - 21. Give n(-16).
11
Let q(n) = n**3 - 18*n**2 + 16*n + 15. What is q(17)?
-2
Let a(t) = -34*t + 502. Give a(15).
-8
Let v(r) = -5*r**3 + r**2 + 3*r - 1. Give v(-2).
37
Let m(t) = -4*t - 29. Calculate m(-12).
19
Let n(h) = 6*h - 72. Determine n(14).
12
Let b(w) = w + 21. Calculate b(-10).
11
Let u(k) = 39*k + 315. Calculate u(-8).
3
Let a(r) = -8*r**2 - 17*r - 4. Give a(-2).
-2
Let f(r) = -r**3 - 13*r**2 + 2*r - 37. Calculate f(-13).
-63
Let l(s) = -s**2 - 6*s - 10. What is l(-3)?
-1
Let b(g) = -g**3 + 8*g**2 - 6*g - 2. Determine b(7).
5
Let l(d) = -3*d**2 + 280*d - 98. Calculate l(93).
-5
Let u(h) = -2*h**2 - 17*h + 47. Give u(-9).
38
Let g(l) = l - 5. Give g(12).
7
Let q(l) = -4*l**2. Calculate q(-1).
-4
Let a(u) = -5*u + 48. Calculate a(12).
-12
Let f(t) = -t + 54. What is f(31)?
23
Let g(i) = -i**3 - 2*i**2 + 3*i + 112. Calculate g(0).
112
Let q(c) = c**3 + 11*c**2 - 2*c + 44. Calculate q(-12).
-76
Let l(m) = -7*m**2 - 27*m + 4. What is l(-4)?
0
Let j(s) = -6*s - 2. What is j(-2)?
10
Let u(a) = 8*a**3 + 3*a**2 + a - 3. Determine u(1).
9
Let j(i) = -i**3 - 12*i**2 - 35*i + 3. Give j(-8).
27
Let q(l) = -l**2 - 9*l - 18. Give q(-3).
0
Let i(o) = 40*o - 171. Determine i(5).
29
Let j(b) = 6*b - 55. Give j(9).
-1
Let x(q) = q**3 - 3*q**2 + 8*q + 2. Give x(3).
26
Let d(a) = -2*a**2 - 8*a + 7. Give d(-6).
-17
Let r(o) = -o**2 + 12*o - 10. What is r(13)?
-23
Let j(n) = 2*n**2 - n - 4. Calculate j(6).
62
Let h(a) = -a**2 - a + 17. Calculate h(-5).
-3
Let g(m) = -2*m + 86. Determine g(-7).
100
Let t(m) = 18*m + 335. What is t(-19)?
-7
Let t(c) = -10*c + 19. Determine t(-10).
119
Let c(g) = 7*g - 12. Calculate c(8).
44
Let u(y) = -y**2 + 16*y + 12. Determine u(17).
-5
Let r(d) = d**2 + 11*d + 14. What is r(-10)?
4
Let j(u) = u**3 - 9*u**2 + 9*u + 27. Calculate j(7).
-8
Let o(q) = 3*q - 47. What is o(19)?
10
Let t(q) = q**2 + 5*q + 4. What is t(-5)?
4
Let f(i) = -4*i**2 + 2*i - 1. What is f(1)?
-3
Let g(f) = f**3 + 6*f**2 - 6*f - 5. What is g(-7)?
-12
Let h(v) = -v**3 + 4*v**2 + 2. Calculate h(2).
10
Let o(t) = -t**2 - 10*t - 21. Determine o(-7).
0
Let z(h) = -8*h + 15. Determine z(7).
-41
Let r(p) = -54*p + 1. What is r(1)?
-53
Let l(t) = -4*t - 2. Determine l(-5).
18
Let s(l) = 22*l + 14. Give s(-1).
-8
Let n(u) = u**3 - 4*u - 4. Determine n(-1).
-1
Let n(a) = 3*a + 2. Determine n(-7).
-19
Let b(u) = -u - 2. What is b(-4)?
2
Let g(c) = 2*c**2 - 5*c + 8. Determine g(4).
20
Let o(c) = -6*c**2 + 18. What is o(-2)?
-6
Let p(u) = u**3 + 14*u**2 - 14*u + 16. What is p(-15)?
1
Let t(l) = 2*l**2 + 2*l. Determine t(4).
40
Let z(y) = -5*y + 42. Give z(9).
-3
Let v(r) = r**3 - 7*r**2 - 43*r + 7. Give v(11).
18
Let b(y) = -2*y**2 - 6*y + 7. Calculate b(-5).
-13
Let c(a) = -a**2 + 9*a - 8. Calculate c(6).
10
Let x(o) = o - 3. Calculate x(-3).
-6
Let v(s) = s**2 + 13*s + 16. What is v(-11)?
-6
Let l(u) = -u**2 - 31*u - 235. What is l(-20)?
-15
Let z(j) = -j - 13. Give z(-13).
0
Let n(d) = d**2 - 10*d - 2. What is n(11)?
9
Let c(n) = n**3 + 4*n**2 - 3*n + 16. Calculate c(-5).
6
Let h(j) = -3*j**3 + 16*j**2 + 3*j - 8. Give h(6).
-62
Let b(a) = -10*a**2 - 3*a. Give b(-1).
-7
Let n(u) = -u**3 + 6*u**2 - 7*u - 10. What is n(7)?
-108
Let t(a) = 2*a + 14. What is t(-9)?
-4
Let t(r) = 3*r**3 - 11*r**2 - 1. Give t(4).
15
Let k(v) = -2*v**3 + 21*v**2 + 12*v - 16. Give k(11).
-5
Let p(r) = -3*r**3 + 20*r**2 - 9*r - 13. Determine p(6).
5
Let v(y) = y**2 - 10*y + 13. Calculate v(9).
4
Let x(r) = 2*r - 19. Determine x(16).
13
Let m(f) = -6*f**2 - 26*f + 26. Determine m(1).
-6
Let x(u) = 2*u**2 - 4*u - 23. Determine x(0).
-23
Let p(q) = -q**3 + 7*q**2 + 47*q + 10. Calculate p(-4).
-2
Let z(r) = -2*r**2 - 23*r + 24. Give z(-12).
12
Let h(d) = d**2 + 11*d - 17. Give h(-12).
-5
Let z(c) = 3*c + 10. Give z(-10).
-20
Let j(c) = -c**3 + 2*c**2 - c - 1. Calculate j(3).
-13
Let r(q) = -q**2 - 24*q - 33. What is r(-12)?
111
Let b(s) = 11*s - 22. Determine b(3).
11
Let q(j) = j**2 - 20*j + 20. What is q(19)?
1
Let x(h) = -h**2 - 16. Determine x(0).
-16
Let w(x) = 4*x - 15. Calculate w(15).
45
Let j(g) = g. Calculate j(-1).
-1
Let o(a) = -12*a**3 - a**2. Calculate o(-1).
11
Let w(i) = 21*i**2 - 2*i - 1. Determine w(-1).
22
Let m(n) = -n**3 + 8*n**2 + 2*n - 8. What is m(8)?
8
Let q(k) = -k**2 - 13*k + 67. Determine q(4).
-1
Let c(v) = 4*v - 3. Give c(-2).
-11
Let u(t) = -2*t**2 - 23*t + 82. Give u(3).
-5
Let i(t) = -34*t + 276. Determine i(8).
4
Let c(v) = 2*v**3 - 3*v**2 - 5*v + 4. What is c(3)?
16
Let x(r) = r**2 - 12*r - 71. What is x(-5)?
14
Let k(b) = b**2 + 2*b - 8. Determine k(-4).
0
Let x(t) = -t**3 - 9*t**2 + 2*t + 9. Give x(-9).
-9
Let g(o) = o**3 + 2*o**2 - 7*o - 5. What is g(-4)?
-9
Let o(b) = -7*b + 82. Give o(9).
19
Let c(j) = -86*j + 17. What is c(2)?
-155
Let w(s) = s**3 + 9*s**2 + 7*s - 3. Determine w(-7).
46
Let l(x) = -x**3 - 14*x**2 - 12*x + 17. Give l(-13).
4
Let v(l) = -10*l**2 - 4*l + 13. What is v(2)?
-35
Let r(h) = -24*h**3 + h**2 + 3*h + 1. What is r(-1)?
23
Let f(p) = -20*p - 17. Give f(-1).
3
Let t(o) = o**3 + 10*o**2 - 1. Determine t(-10).
-1
Let g(l) = 124*l**2 - 4*l - 2. Calculate g(-1).
126